76 and 8.
8
What is the highest common divisor of 32 and 536?
8
What is the highest common factor of 30 and 222?
6
Calculate the highest common divisor of 120 and 456.
24
Calculate the greatest common divisor of 55 and 176.
11
What is the highest common divisor of 37 and 5?
1
What is the greatest common divisor of 35 and 63?
7
What is the highest common factor of 104 and 14456?
104
Calculate the greatest common factor of 256 and 80.
16
Calculate the highest common factor of 104 and 260.
52
Calculate the highest common divisor of 292 and 365.
73
Calculate the highest common divisor of 504 and 5208.
168
What is the greatest common factor of 32 and 296?
8
Calculate the highest common divisor of 58 and 2.
2
What is the highest common divisor of 152 and 5244?
76
What is the greatest common divisor of 632 and 176?
8
What is the greatest common divisor of 180 and 4572?
36
What is the highest common divisor of 332 and 1909?
83
What is the highest common divisor of 522 and 406?
58
Calculate the highest common divisor of 645 and 45.
15
Calculate the highest common divisor of 1352 and 182.
26
What is the greatest common factor of 342 and 72?
18
Calculate the highest common factor of 120 and 168.
24
What is the highest common divisor of 3422 and 1298?
118
What is the greatest common factor of 1280 and 2160?
80
What is the highest common divisor of 325 and 39?
13
What is the greatest common divisor of 70 and 154?
14
What is the greatest common divisor of 25 and 7225?
25
What is the highest common factor of 34 and 49?
1
What is the greatest common factor of 216 and 360?
72
Calculate the greatest common divisor of 13 and 18811.
13
Calculate the greatest common factor of 231 and 147.
21
What is the highest common factor of 73 and 292?
73
What is the highest common divisor of 28 and 3892?
28
What is the greatest common divisor of 525 and 1134?
21
Calculate the greatest common factor of 54 and 138.
6
Calculate the greatest common divisor of 102 and 6.
6
Calculate the highest common factor of 4706 and 52.
26
What is the greatest common factor of 715 and 8775?
65
What is the greatest common factor of 21 and 189?
21
Calculate the highest common divisor of 23187 and 177.
177
What is the highest common factor of 400 and 32?
16
Calculate the highest common divisor of 5742 and 116.
58
What is the greatest common divisor of 2737 and 46?
23
Calculate the highest common divisor of 27 and 24.
3
Calculate the greatest common divisor of 95 and 1957.
19
Calculate the greatest common divisor of 22 and 473.
11
What is the highest common divisor of 1 and 8?
1
What is the highest common divisor of 624 and 96?
48
Calculate the highest common factor of 1060 and 20.
20
Calculate the greatest common factor of 5974 and 29.
29
What is the greatest common divisor of 360 and 1044?
36
Calculate the greatest common divisor of 56 and 217.
7
Calculate the highest common factor of 2 and 38.
2
What is the greatest common factor of 212 and 583?
53
Calculate the highest common factor of 3103 and 321.
107
What is the greatest common factor of 7395 and 425?
85
What is the highest common factor of 247 and 152?
19
Calculate the highest common factor of 104 and 16.
8
What is the highest common divisor of 4577 and 161?
23
What is the greatest common factor of 105 and 45?
15
What is the highest common factor of 4 and 736?
4
Calculate the highest common divisor of 6954 and 114.
114
Calculate the greatest common factor of 1247 and 43.
43
Calculate the greatest common factor of 36 and 768.
12
What is the highest common divisor of 91 and 26?
13
Calculate the greatest common factor of 576 and 648.
72
What is the greatest common divisor of 143 and 671?
11
What is the greatest common divisor of 3913 and 14?
7
Calculate the greatest common factor of 56 and 1372.
28
What is the highest common divisor of 351 and 39?
39
What is the highest common divisor of 128 and 32?
32
Calculate the highest common divisor of 836 and 1584.
44
What is the highest common factor of 9492 and 84?
84
What is the highest common divisor of 722 and 57?
19
Calculate the highest common divisor of 29 and 2465.
29
Calculate the highest common divisor of 111 and 1887.
111
Calculate the highest common factor of 33 and 66.
33
Calculate the highest common factor of 6 and 2.
2
What is the greatest common divisor of 20634 and 114?
114
What is the greatest common factor of 6354 and 18?
18
Calculate the highest common factor of 430 and 86.
86
Calculate the highest common factor of 52 and 585.
13
Calculate the greatest common factor of 232 and 40.
8
Calculate the highest common divisor of 5880 and 40.
40
Calculate the greatest common factor of 4151 and 7.
7
Calculate the highest common factor of 11968 and 64.
64
What is the highest common factor of 1374 and 48?
6
What is the highest common divisor of 20 and 2330?
10
Calculate the greatest common factor of 27 and 300.
3
Calculate the highest common factor of 9232 and 128.
16
What is the greatest common factor of 770 and 322?
14
Calculate the highest common factor of 164 and 410.
82
What is the greatest common divisor of 30 and 18?
6
Calculate the greatest common divisor of 580 and 87.
29
Calculate the highest common divisor of 226 and 565.
113
Calculate the highest common divisor of 132 and 957.
33
Calculate the highest common divisor of 330 and 30.
30
What is the highest common divisor of 116 and 92?
4
What is the greatest common divisor of 16 and 504?
8
Calculate the highest common factor of 430 and 20.
10
Calculate the greatest common factor of 44 and 682.
22
Calculate the greatest common factor of 14 and 217.
7
What is the greatest common factor of 23 and 621?
23
What is the highest common divisor of 949 and 52?
13
What is the highest common factor of 200 and 2150?
50
Calculate the greatest common divisor of 4 and 6172.
4
What is the greatest common factor of 41810 and 740?
370
Calculate the highest common factor of 6031 and 185.
37
Calculate the highest common factor of 160 and 128.
32
Calculate the highest common divisor of 32 and 872.
8
What is the highest common divisor of 1197 and 14?
7
Calculate the highest common divisor of 212 and 689.
53
Calculate the highest common factor of 7168 and 42.
14
Calculate the greatest common divisor of 20 and 2280.
20
What is the highest common divisor of 411 and 11371?
137
Calculate the highest common factor of 4 and 58.
2
Calculate the highest common factor of 57 and 7125.
57
Calculate the greatest common divisor of 39 and 19.
1
What is the greatest common divisor of 7471 and 62?
31
Calculate the greatest common divisor of 32398 and 194.
194
Calculate the greatest common divisor of 162 and 108.
54
Calculate the greatest common factor of 4 and 524.
4
What is the highest common divisor of 461 and 4?
1
Calculate the highest common factor of 121 and 319.
11
Calculate the highest common divisor of 31110 and 102.
102
Calculate the greatest common factor of 3483 and 243.
81
Calculate the greatest common factor of 5 and 79.
1
Calculate the highest common divisor of 1614 and 36.
6
Calculate the highest common factor of 2260 and 100.
20
What is the greatest common factor of 192 and 1056?
96
What is the greatest common divisor of 75 and 23525?
25
What is the highest common factor of 4017 and 39?
39
What is the greatest common factor of 9988 and 22?
22
Calculate the greatest common factor of 77 and 21.
7
Calculate the highest common divisor of 2059 and 142.
71
Calculate the greatest common factor of 45 and 10.
5
What is the highest common factor of 665 and 114?
19
Calculate the greatest common factor of 28012 and 188.
188
Calculate the greatest common factor of 803 and 7519.
73
What is the greatest common factor of 3126 and 30?
6
What is the highest common factor of 37 and 1517?
37
Calculate the greatest common factor of 3261 and 24.
3
Calculate the greatest common divisor of 2691 and 207.
207
What is the greatest common divisor of 4760 and 392?
56
Calculate the highest common divisor of 6 and 13506.
6
Calculate the highest common factor of 4310 and 10.
10
What is the highest common factor of 88 and 198?
22
Calculate the highest common factor of 2021 and 43.
43
Calculate the highest common factor of 61 and 24949.
61
Calculate the highest common factor of 333 and